Dec 02 19:43:28.316 INFO testing rsgen-avro-0.2.0 against master#8940af3cea4a9a9deabcaf843b2f8cad9a83fc61 for beta-1.31-5
Dec 02 19:43:28.316 INFO running `"docker" "create" "-v" "/mnt/big/crater/work/local/target-dirs/beta-1.31-5/worker-6/master#8940af3cea4a9a9deabcaf843b2f8cad9a83fc61:/target:rw,Z" "-v" "/mnt/big/crater/work/local/test-source/worker-6/beta-1.31-5/master#8940af3cea4a9a9deabcaf843b2f8cad9a83fc61:/source:ro,Z" "-v" "/mnt/big/crater/work/local/cargo-home:/cargo-home:ro,Z" "-v" "/mnt/big/crater/work/local/rustup-home:/rustup-home:ro,Z" "-e" "USER_ID=1000" "-e" "SOURCE_DIR=/source" "-e" "USER_ID=1000" "-e" "CMD=cargo +8940af3cea4a9a9deabcaf843b2f8cad9a83fc61-alt build --frozen" "-e" "CARGO_TARGET_DIR=/target" "-e" "CARGO_INCREMENTAL=0" "-e" "RUST_BACKTRACE=full" "-e" "RUSTFLAGS=--cap-lints=warn" "-e" "CARGO_HOME=/cargo-home" "-e" "RUSTUP_HOME=/rustup-home" "-m" "1536M" "--network" "none" "crater"`
Dec 02 19:43:28.827 INFO [stdout] 6ea56446a76f525fc24b928f8307f634bea1fd395eb234240fe664511f60b813
Dec 02 19:43:28.829 INFO running `"docker" "start" "-a" "6ea56446a76f525fc24b928f8307f634bea1fd395eb234240fe664511f60b813"`
Dec 02 19:43:30.175 INFO [stderr] usermod: no changes
Dec 02 19:43:30.407 INFO [stderr]    Compiling by_address v1.0.4
Dec 02 19:43:30.407 INFO [stderr]    Compiling serde v1.0.80
Dec 02 19:43:42.315 INFO [stderr]    Compiling serde_json v1.0.33
Dec 02 19:43:42.315 INFO [stderr]    Compiling docopt v1.0.2
Dec 02 19:43:49.989 INFO [stderr]    Compiling avro-rs v0.6.1
Dec 02 19:43:49.989 INFO [stderr]    Compiling tera v0.11.20
Dec 02 19:44:07.578 INFO [stderr]    Compiling rsgen-avro v0.2.0 (/source)
Dec 02 19:44:20.068 INFO [stderr]     Finished dev [unoptimized + debuginfo] target(s) in 49.87s
Dec 02 19:44:20.075 INFO [stderr] su: No module specific data is present
Dec 02 19:44:20.327 INFO running `"docker" "inspect" "6ea56446a76f525fc24b928f8307f634bea1fd395eb234240fe664511f60b813"`
Dec 02 19:44:20.496 INFO running `"docker" "rm" "-f" "6ea56446a76f525fc24b928f8307f634bea1fd395eb234240fe664511f60b813"`
Dec 02 19:44:20.606 INFO [stdout] 6ea56446a76f525fc24b928f8307f634bea1fd395eb234240fe664511f60b813
Dec 02 19:44:20.608 INFO running `"docker" "create" "-v" "/mnt/big/crater/work/local/target-dirs/beta-1.31-5/worker-6/master#8940af3cea4a9a9deabcaf843b2f8cad9a83fc61:/target:rw,Z" "-v" "/mnt/big/crater/work/local/test-source/worker-6/beta-1.31-5/master#8940af3cea4a9a9deabcaf843b2f8cad9a83fc61:/source:ro,Z" "-v" "/mnt/big/crater/work/local/cargo-home:/cargo-home:ro,Z" "-v" "/mnt/big/crater/work/local/rustup-home:/rustup-home:ro,Z" "-e" "USER_ID=1000" "-e" "SOURCE_DIR=/source" "-e" "USER_ID=1000" "-e" "CMD=cargo +8940af3cea4a9a9deabcaf843b2f8cad9a83fc61-alt test --frozen --no-run" "-e" "CARGO_TARGET_DIR=/target" "-e" "CARGO_INCREMENTAL=0" "-e" "RUST_BACKTRACE=full" "-e" "RUSTFLAGS=--cap-lints=warn" "-e" "CARGO_HOME=/cargo-home" "-e" "RUSTUP_HOME=/rustup-home" "-m" "1536M" "--network" "none" "crater"`
Dec 02 19:44:20.846 INFO [stdout] 91de9a6f13c0cedb06d8f14b8352f64cba0bbac4b74bd6d3945b7bd0cf753d80
Dec 02 19:44:20.852 INFO running `"docker" "start" "-a" "91de9a6f13c0cedb06d8f14b8352f64cba0bbac4b74bd6d3945b7bd0cf753d80"`
Dec 02 19:44:21.312 INFO [stderr] usermod: no changes
Dec 02 19:44:21.475 INFO [stderr]    Compiling gag v0.1.10
Dec 02 19:44:22.964 INFO [stderr]    Compiling rsgen-avro v0.2.0 (/source)
Dec 02 19:44:32.743 INFO [stderr]     Finished dev [unoptimized + debuginfo] target(s) in 11.40s
Dec 02 19:44:32.759 INFO [stderr] su: No module specific data is present
Dec 02 19:44:33.182 INFO running `"docker" "inspect" "91de9a6f13c0cedb06d8f14b8352f64cba0bbac4b74bd6d3945b7bd0cf753d80"`
Dec 02 19:44:33.449 INFO running `"docker" "rm" "-f" "91de9a6f13c0cedb06d8f14b8352f64cba0bbac4b74bd6d3945b7bd0cf753d80"`
Dec 02 19:44:33.638 INFO [stdout] 91de9a6f13c0cedb06d8f14b8352f64cba0bbac4b74bd6d3945b7bd0cf753d80
Dec 02 19:44:33.641 INFO running `"docker" "create" "-v" "/mnt/big/crater/work/local/target-dirs/beta-1.31-5/worker-6/master#8940af3cea4a9a9deabcaf843b2f8cad9a83fc61:/target:rw,Z" "-v" "/mnt/big/crater/work/local/test-source/worker-6/beta-1.31-5/master#8940af3cea4a9a9deabcaf843b2f8cad9a83fc61:/source:ro,Z" "-v" "/mnt/big/crater/work/local/cargo-home:/cargo-home:ro,Z" "-v" "/mnt/big/crater/work/local/rustup-home:/rustup-home:ro,Z" "-e" "USER_ID=1000" "-e" "SOURCE_DIR=/source" "-e" "USER_ID=1000" "-e" "CMD=cargo +8940af3cea4a9a9deabcaf843b2f8cad9a83fc61-alt test --frozen" "-e" "CARGO_TARGET_DIR=/target" "-e" "CARGO_INCREMENTAL=0" "-e" "RUST_BACKTRACE=full" "-e" "RUSTFLAGS=--cap-lints=warn" "-e" "CARGO_HOME=/cargo-home" "-e" "RUSTUP_HOME=/rustup-home" "-m" "1536M" "--network" "none" "crater"`
Dec 02 19:44:33.877 INFO [stdout] 09f7adc80aae6ab5fd96476500025dbb4137c8245c9c3ed3016ac4df32ce52a7
Dec 02 19:44:33.879 INFO running `"docker" "start" "-a" "09f7adc80aae6ab5fd96476500025dbb4137c8245c9c3ed3016ac4df32ce52a7"`
Dec 02 19:44:34.265 INFO [stderr] usermod: no changes
Dec 02 19:44:34.409 INFO [stderr]     Finished dev [unoptimized + debuginfo] target(s) in 0.12s
Dec 02 19:44:34.427 INFO [stderr]      Running /target/debug/deps/rsgen_avro-1cebe2b7cefd24d2
Dec 02 19:44:34.434 INFO [stdout] 
Dec 02 19:44:34.434 INFO [stdout] running 8 tests
Dec 02 19:44:34.453 INFO [stdout] test tests::nullable_code ... ok
Dec 02 19:44:34.453 INFO [stdout] test templates::tests::gen_fixed ... ok
Dec 02 19:44:34.531 INFO [stdout] test templates::tests::gen_record ... ok
Dec 02 19:44:34.534 INFO [stdout] test tests::simple ... FAILED
Dec 02 19:44:34.539 INFO [stdout] test tests::complex ... FAILED
Dec 02 19:44:34.539 INFO [stderr] error: test failed, to rerun pass '--lib'
Dec 02 19:44:34.539 INFO [stdout] test tests::nullable_gen ... FAILED
Dec 02 19:44:34.539 INFO [stdout] 
Dec 02 19:44:34.539 INFO [stdout] failures:
Dec 02 19:44:34.539 INFO [stdout] 
Dec 02 19:44:34.539 INFO [stdout] ---- tests::simple stdout ----
Dec 02 19:44:34.539 INFO [stdout] thread 'tests::simple' panicked at 'called `Result::unwrap()` on an `Err` value: Custom { kind: AlreadyExists, error: StringError("Redirect already exists.") }', libcore/result.rs:1009:5
Dec 02 19:44:34.539 INFO [stdout] stack backtrace:
Dec 02 19:44:34.539 INFO [stdout]    0:     0x55cc84fabf2f - std::sys::unix::backtrace::tracing::imp::unwind_backtrace::h3a8b83e1922cbdde
Dec 02 19:44:34.539 INFO [stdout]                                at libstd/sys/unix/backtrace/tracing/gcc_s.rs:49
Dec 02 19:44:34.539 INFO [stdout]    1:     0x55cc84fb51a7 - std::sys_common::backtrace::print::h00d3155a29b4020f
Dec 02 19:44:34.539 INFO [stdout]                                at libstd/sys_common/backtrace.rs:71
Dec 02 19:44:34.539 INFO [stdout]                                at libstd/sys_common/backtrace.rs:59
Dec 02 19:44:34.539 INFO [stdout]    2:     0x55cc84fafdbf - std::panicking::default_hook::{{closure}}::hd7465c742e79e1bb
Dec 02 19:44:34.539 INFO [stdout]                                at libstd/panicking.rs:211
Dec 02 19:44:34.539 INFO [stdout]    3:     0x55cc84fafabe - std::panicking::default_hook::h9e3966f2aa2a6e12
Dec 02 19:44:34.540 INFO [stdout]                                at libstd/panicking.rs:221
Dec 02 19:44:34.540 INFO [stdout]    4:     0x55cc84fb049e - std::panicking::rust_panic_with_hook::h587f091ae747d080
Dec 02 19:44:34.540 INFO [stdout]                                at libstd/panicking.rs:476
Dec 02 19:44:34.540 INFO [stdout]    5:     0x55cc84fb0041 - std::panicking::continue_panic_fmt::hb3a4fdede87f43a8
Dec 02 19:44:34.540 INFO [stdout]                                at libstd/panicking.rs:390
Dec 02 19:44:34.540 INFO [stdout]    6:     0x55cc84faff25 - rust_begin_unwind
Dec 02 19:44:34.540 INFO [stdout]                                at libstd/panicking.rs:325
Dec 02 19:44:34.540 INFO [stdout]    7:     0x55cc84ff6f0c - core::panicking::panic_fmt::h6f9cebf5e7474a0b
Dec 02 19:44:34.540 INFO [stdout]                                at libcore/panicking.rs:77
Dec 02 19:44:34.540 INFO [stdout]    8:     0x55cc84f71ca0 - core::result::unwrap_failed::he5101fa389c42433
Dec 02 19:44:34.540 INFO [stdout]                                at libcore/macros.rs:26
Dec 02 19:44:34.540 INFO [stdout]    9:     0x55cc849d0740 - <core::result::Result<T, E>>::unwrap::hdbc94f6e368afcdb
Dec 02 19:44:34.540 INFO [stdout]                                at libcore/result.rs:808
Dec 02 19:44:34.540 INFO [stdout]   10:     0x55cc849c98de - rsgen_avro::tests::simple::hf6e3428db9df6d52
Dec 02 19:44:34.540 INFO [stdout]                                at src/lib.rs:466
Dec 02 19:44:34.540 INFO [stdout]   11:     0x55cc849c97c9 - rsgen_avro::tests::simple::{{closure}}::h13a5516e5fa8cc02
Dec 02 19:44:34.540 INFO [stdout]                                at src/lib.rs:434
Dec 02 19:44:34.540 INFO [stdout]   12:     0x55cc849ae1cd - core::ops::function::FnOnce::call_once::ha90b92f7bc594565
Dec 02 19:44:34.540 INFO [stdout]                                at libcore/ops/function.rs:238
Dec 02 19:44:34.540 INFO [stdout]   13:     0x55cc849df88e - <F as alloc::boxed::FnBox<A>>::call_box::hac903f91577a156c
Dec 02 19:44:34.540 INFO [stdout]                                at libtest/lib.rs:1468
Dec 02 19:44:34.540 INFO [stdout]                                at libcore/ops/function.rs:238
Dec 02 19:44:34.540 INFO [stdout]                                at liballoc/boxed.rs:672
Dec 02 19:44:34.540 INFO [stdout]   14:     0x55cc84fc0159 - __rust_maybe_catch_panic
Dec 02 19:44:34.540 INFO [stdout]                                at libpanic_unwind/lib.rs:102
Dec 02 19:44:34.540 INFO [stdout]   15:     0x55cc84a014e2 - std::sys_common::backtrace::__rust_begin_short_backtrace::hb8f0d0309526c184
Dec 02 19:44:34.540 INFO [stdout]                                at libstd/panicking.rs:289
Dec 02 19:44:34.540 INFO [stdout]                                at libstd/panic.rs:392
Dec 02 19:44:34.540 INFO [stdout]                                at libtest/lib.rs:1423
Dec 02 19:44:34.540 INFO [stdout]                                at libstd/sys_common/backtrace.rs:136
Dec 02 19:44:34.540 INFO [stdout]   16:     0x55cc84a01f94 - std::panicking::try::do_call::hc2f7c8b9a348d8db
Dec 02 19:44:34.540 INFO [stdout]                                at libstd/thread/mod.rs:409
Dec 02 19:44:34.540 INFO [stdout]                                at libstd/panic.rs:313
Dec 02 19:44:34.540 INFO [stdout]                                at libstd/panicking.rs:310
Dec 02 19:44:34.540 INFO [stdout]   17:     0x55cc84fc0159 - __rust_maybe_catch_panic
Dec 02 19:44:34.540 INFO [stdout]                                at libpanic_unwind/lib.rs:102
Dec 02 19:44:34.540 INFO [stdout]   18:     0x55cc849ef1cc - <F as alloc::boxed::FnBox<A>>::call_box::h6bfded618e480b32
Dec 02 19:44:34.540 INFO [stdout]                                at libstd/panicking.rs:289
Dec 02 19:44:34.540 INFO [stdout]                                at libstd/panic.rs:392
Dec 02 19:44:34.540 INFO [stdout]                                at libstd/thread/mod.rs:408
Dec 02 19:44:34.540 INFO [stdout]                                at liballoc/boxed.rs:672
Dec 02 19:44:34.540 INFO [stdout]   19:     0x55cc84fadc4d - std::sys_common::thread::start_thread::h4c28257d67cdf9cb
Dec 02 19:44:34.540 INFO [stdout]                                at liballoc/boxed.rs:682
Dec 02 19:44:34.540 INFO [stdout]                                at libstd/sys_common/thread.rs:24
Dec 02 19:44:34.540 INFO [stdout]   20:     0x55cc84fa1f65 - std::sys::unix::thread::Thread::new::thread_start::hfecb2e7eff8fd34f
Dec 02 19:44:34.540 INFO [stdout]                                at libstd/sys/unix/thread.rs:90
Dec 02 19:44:34.540 INFO [stdout]   21:     0x7fba4d8576b9 - start_thread
Dec 02 19:44:34.540 INFO [stdout]   22:     0x7fba4d37741c - clone
Dec 02 19:44:34.540 INFO [stdout]   23:                0x0 - <unknown>
Dec 02 19:44:34.540 INFO [stdout] 
Dec 02 19:44:34.540 INFO [stdout] ---- tests::complex stdout ----
Dec 02 19:44:34.540 INFO [stdout] thread 'tests::complex' panicked at 'assertion failed: `(left == right)`
Dec 02 19:44:34.540 INFO [stdout]   left: `"use serde::{Deserialize, Serialize};\n\n/// Hi there.\n#[serde(default)]\n#[derive(Debug, PartialEq, PartialOrd, Clone, Deserialize, Serialize)]\npub struct User {\n    #[serde(rename = \"aa-i32\")]\n    pub aa_i32: Vec<Vec<i32>>,\n    pub favorite_number: i32,\n    pub likes_pizza: bool,\n    pub name: String,\n    pub oye: f32,\n}\n\nimpl Default for User {\n    fn default() -> User {\n        User {\n            aa_i32: vec![vec![0], vec![12, -1]],\n            favorite_number: 7,\n            likes_pizza: false,\n            name: \"\".to_owned(),\n            oye: 1.100,\n        }\n    }\n}\n"`,
Dec 02 19:44:34.540 INFO [stdout]  right: `"test tests::deps ... ok\ntest templates::tests::gen_enum ... ok\nuse serde::{Deserialize, Serialize};\n\n/// Hi there.\n#[serde(default)]\n#[derive(Debug, PartialEq, PartialOrd, Clone, Deserialize, Serialize)]\npub struct User {\n    #[serde(rename = \"aa-i32\")]\n    pub aa_i32: Vec<Vec<i32>>,\n    pub favorite_number: i32,\n    pub likes_pizza: bool,\n    pub name: String,\n    pub oye: f32,\n}\n\nimpl Default for User {\n    fn default() -> User {\n        User {\n            aa_i32: vec![vec![0], vec![12, -1]],\n            favorite_number: 7,\n            likes_pizza: false,\n            name: \"\".to_owned(),\n            oye: 1.100,\n        }\n    }\n}\n"`', src/lib.rs:516:9
Dec 02 19:44:34.540 INFO [stdout] stack backtrace:
Dec 02 19:44:34.540 INFO [stdout]    0:     0x55cc84fabf2f - std::sys::unix::backtrace::tracing::imp::unwind_backtrace::h3a8b83e1922cbdde
Dec 02 19:44:34.540 INFO [stdout]                                at libstd/sys/unix/backtrace/tracing/gcc_s.rs:49
Dec 02 19:44:34.540 INFO [stdout]    1:     0x55cc84fb51a7 - std::sys_common::backtrace::print::h00d3155a29b4020f
Dec 02 19:44:34.540 INFO [stdout]                                at libstd/sys_common/backtrace.rs:71
Dec 02 19:44:34.540 INFO [stdout]                                at libstd/sys_common/backtrace.rs:59
Dec 02 19:44:34.540 INFO [stdout]    2:     0x55cc84fafdbf - std::panicking::default_hook::{{closure}}::hd7465c742e79e1bb
Dec 02 19:44:34.540 INFO [stdout]                                at libstd/panicking.rs:211
Dec 02 19:44:34.540 INFO [stdout]    3:     0x55cc84fafabe - std::panicking::default_hook::h9e3966f2aa2a6e12
Dec 02 19:44:34.540 INFO [stdout]                                at libstd/panicking.rs:221
Dec 02 19:44:34.540 INFO [stdout]    4:     0x55cc84fb049e - std::panicking::rust_panic_with_hook::h587f091ae747d080
Dec 02 19:44:34.540 INFO [stdout]                                at libstd/panicking.rs:476
Dec 02 19:44:34.540 INFO [stdout]    5:     0x55cc84fb0041 - std::panicking::continue_panic_fmt::hb3a4fdede87f43a8
Dec 02 19:44:34.540 INFO [stdout]                                at libstd/panicking.rs:390
Dec 02 19:44:34.540 INFO [stdout]    6:     0x55cc84faff8e - std::panicking::begin_panic_fmt::h387afc7da9a10555
Dec 02 19:44:34.540 INFO [stdout]                                at libstd/panicking.rs:345
Dec 02 19:44:34.540 INFO [stdout]    7:     0x55cc849ca0fe - rsgen_avro::tests::complex::h91b643fad4ae8619
Dec 02 19:44:34.540 INFO [stdout]                                at src/lib.rs:516
Dec 02 19:44:34.540 INFO [stdout]    8:     0x55cc849c9cd9 - rsgen_avro::tests::complex::{{closure}}::hecff3fdaf8af3384
Dec 02 19:44:34.540 INFO [stdout]                                at src/lib.rs:470
Dec 02 19:44:34.540 INFO [stdout]    9:     0x55cc849ad7cd - core::ops::function::FnOnce::call_once::h11f897caa05c764f
Dec 02 19:44:34.540 INFO [stdout]                                at libcore/ops/function.rs:238
Dec 02 19:44:34.540 INFO [stdout]   10:     0x55cc849df88e - <F as alloc::boxed::FnBox<A>>::call_box::hac903f91577a156c
Dec 02 19:44:34.540 INFO [stdout]                                at libtest/lib.rs:1468
Dec 02 19:44:34.540 INFO [stdout]                                at libcore/ops/function.rs:238
Dec 02 19:44:34.540 INFO [stdout]                                at liballoc/boxed.rs:672
Dec 02 19:44:34.540 INFO [stdout]   11:     0x55cc84fc0159 - __rust_maybe_catch_panic
Dec 02 19:44:34.540 INFO [stdout]                                at libpanic_unwind/lib.rs:102
Dec 02 19:44:34.540 INFO [stdout]   12:     0x55cc84a014e2 - std::sys_common::backtrace::__rust_begin_short_backtrace::hb8f0d0309526c184
Dec 02 19:44:34.540 INFO [stdout]                                at libstd/panicking.rs:289
Dec 02 19:44:34.540 INFO [stdout]                                at libstd/panic.rs:392
Dec 02 19:44:34.540 INFO [stdout]                                at libtest/lib.rs:1423
Dec 02 19:44:34.540 INFO [stdout]                                at libstd/sys_common/backtrace.rs:136
Dec 02 19:44:34.540 INFO [stdout]   13:     0x55cc84a01f94 - std::panicking::try::do_call::hc2f7c8b9a348d8db
Dec 02 19:44:34.541 INFO [stdout]                                at libstd/thread/mod.rs:409
Dec 02 19:44:34.541 INFO [stdout]                                at libstd/panic.rs:313
Dec 02 19:44:34.541 INFO [stdout]                                at libstd/panicking.rs:310
Dec 02 19:44:34.541 INFO [stdout]   14:     0x55cc84fc0159 - __rust_maybe_catch_panic
Dec 02 19:44:34.541 INFO [stdout]                                at libpanic_unwind/lib.rs:102
Dec 02 19:44:34.541 INFO [stdout]   15:     0x55cc849ef1cc - <F as alloc::boxed::FnBox<A>>::call_box::h6bfded618e480b32
Dec 02 19:44:34.541 INFO [stdout]                                at libstd/panicking.rs:289
Dec 02 19:44:34.541 INFO [stdout]                                at libstd/panic.rs:392
Dec 02 19:44:34.541 INFO [stdout]                                at libstd/thread/mod.rs:408
Dec 02 19:44:34.541 INFO [stdout]                                at liballoc/boxed.rs:672
Dec 02 19:44:34.541 INFO [stdout]   16:     0x55cc84fadc4d - std::sys_common::thread::start_thread::h4c28257d67cdf9cb
Dec 02 19:44:34.541 INFO [stdout]                                at liballoc/boxed.rs:682
Dec 02 19:44:34.541 INFO [stdout]                                at libstd/sys_common/thread.rs:24
Dec 02 19:44:34.541 INFO [stdout]   17:     0x55cc84fa1f65 - std::sys::unix::thread::Thread::new::thread_start::hfecb2e7eff8fd34f
Dec 02 19:44:34.541 INFO [stdout]                                at libstd/sys/unix/thread.rs:90
Dec 02 19:44:34.541 INFO [stdout]   18:     0x7fba4d8576b9 - start_thread
Dec 02 19:44:34.541 INFO [stdout]   19:     0x7fba4d37741c - clone
Dec 02 19:44:34.541 INFO [stdout]   20:                0x0 - <unknown>
Dec 02 19:44:34.541 INFO [stdout] 
Dec 02 19:44:34.541 INFO [stdout] ---- tests::nullable_gen stdout ----
Dec 02 19:44:34.541 INFO [stdout] thread 'tests::nullable_gen' panicked at 'called `Result::unwrap()` on an `Err` value: Custom { kind: AlreadyExists, error: StringError("Redirect already exists.") }', libcore/result.rs:1009:5
Dec 02 19:44:34.541 INFO [stdout] stack backtrace:
Dec 02 19:44:34.541 INFO [stdout]    0:     0x55cc84fabf2f - std::sys::unix::backtrace::tracing::imp::unwind_backtrace::h3a8b83e1922cbdde
Dec 02 19:44:34.541 INFO [stdout]                                at libstd/sys/unix/backtrace/tracing/gcc_s.rs:49
Dec 02 19:44:34.541 INFO [stdout]    1:     0x55cc84fb51a7 - std::sys_common::backtrace::print::h00d3155a29b4020f
Dec 02 19:44:34.541 INFO [stdout]                                at libstd/sys_common/backtrace.rs:71
Dec 02 19:44:34.541 INFO [stdout]                                at libstd/sys_common/backtrace.rs:59
Dec 02 19:44:34.541 INFO [stdout]    2:     0x55cc84fafdbf - std::panicking::default_hook::{{closure}}::hd7465c742e79e1bb
Dec 02 19:44:34.541 INFO [stdout]                                at libstd/panicking.rs:211
Dec 02 19:44:34.541 INFO [stdout]    3:     0x55cc84fafabe - std::panicking::default_hook::h9e3966f2aa2a6e12
Dec 02 19:44:34.541 INFO [stdout]                                at libstd/panicking.rs:221
Dec 02 19:44:34.541 INFO [stdout]    4:     0x55cc84fb049e - std::panicking::rust_panic_with_hook::h587f091ae747d080
Dec 02 19:44:34.541 INFO [stdout]                                at libstd/panicking.rs:476
Dec 02 19:44:34.541 INFO [stdout]    5:     0x55cc84fb0041 - std::panicking::continue_panic_fmt::hb3a4fdede87f43a8
Dec 02 19:44:34.541 INFO [stdout]                                at libstd/panicking.rs:390
Dec 02 19:44:34.541 INFO [stdout]    6:     0x55cc84faff25 - rust_begin_unwind
Dec 02 19:44:34.541 INFO [stdout]                                at libstd/panicking.rs:325
Dec 02 19:44:34.541 INFO [stdout]    7:     0x55cc84ff6f0c - core::panicking::panic_fmt::h6f9cebf5e7474a0b
Dec 02 19:44:34.541 INFO [stdout]                                at libcore/panicking.rs:77
Dec 02 19:44:34.541 INFO [stdout]    8:     0x55cc84f71ca0 - core::result::unwrap_failed::he5101fa389c42433
Dec 02 19:44:34.541 INFO [stdout]                                at libcore/macros.rs:26
Dec 02 19:44:34.541 INFO [stdout]    9:     0x55cc849d0740 - <core::result::Result<T, E>>::unwrap::hdbc94f6e368afcdb
Dec 02 19:44:34.541 INFO [stdout]                                at libcore/result.rs:808
Dec 02 19:44:34.541 INFO [stdout]   10:     0x55cc849ca350 - rsgen_avro::tests::nullable_gen::h82aa02ddddab6bad
Dec 02 19:44:34.541 INFO [stdout]                                at src/lib.rs:570
Dec 02 19:44:34.541 INFO [stdout]   11:     0x55cc849ca1e9 - rsgen_avro::tests::nullable_gen::{{closure}}::hfc299d58404a4a15
Dec 02 19:44:34.541 INFO [stdout]                                at src/lib.rs:520
Dec 02 19:44:34.541 INFO [stdout]   12:     0x55cc849ae15d - core::ops::function::FnOnce::call_once::h8e78dfbc4e0dc962
Dec 02 19:44:34.541 INFO [stdout]                                at libcore/ops/function.rs:238
Dec 02 19:44:34.541 INFO [stdout]   13:     0x55cc849df88e - <F as alloc::boxed::FnBox<A>>::call_box::hac903f91577a156c
Dec 02 19:44:34.541 INFO [stdout]                                at libtest/lib.rs:1468
Dec 02 19:44:34.541 INFO [stdout]                                at libcore/ops/function.rs:238
Dec 02 19:44:34.541 INFO [stdout]                                at liballoc/boxed.rs:672
Dec 02 19:44:34.541 INFO [stdout]   14:     0x55cc84fc0159 - __rust_maybe_catch_panic
Dec 02 19:44:34.541 INFO [stdout]                                at libpanic_unwind/lib.rs:102
Dec 02 19:44:34.541 INFO [stdout]   15:     0x55cc84a014e2 - std::sys_common::backtrace::__rust_begin_short_backtrace::hb8f0d0309526c184
Dec 02 19:44:34.541 INFO [stdout]                                at libstd/panicking.rs:289
Dec 02 19:44:34.541 INFO [stdout]                                at libstd/panic.rs:392
Dec 02 19:44:34.541 INFO [stdout]                                at libtest/lib.rs:1423
Dec 02 19:44:34.541 INFO [stdout]                                at libstd/sys_common/backtrace.rs:136
Dec 02 19:44:34.541 INFO [stdout]   16:     0x55cc84a01f94 - std::panicking::try::do_call::hc2f7c8b9a348d8db
Dec 02 19:44:34.541 INFO [stdout]                                at libstd/thread/mod.rs:409
Dec 02 19:44:34.541 INFO [stdout]                                at libstd/panic.rs:313
Dec 02 19:44:34.541 INFO [stdout]                                at libstd/panicking.rs:310
Dec 02 19:44:34.541 INFO [stdout]   17:     0x55cc84fc0159 - __rust_maybe_catch_panic
Dec 02 19:44:34.541 INFO [stdout]                                at libpanic_unwind/lib.rs:102
Dec 02 19:44:34.541 INFO [stdout]   18:     0x55cc849ef1cc - <F as alloc::boxed::FnBox<A>>::call_box::h6bfded618e480b32
Dec 02 19:44:34.541 INFO [stdout]                                at libstd/panicking.rs:289
Dec 02 19:44:34.541 INFO [stdout]                                at libstd/panic.rs:392
Dec 02 19:44:34.541 INFO [stdout]                                at libstd/thread/mod.rs:408
Dec 02 19:44:34.541 INFO [stdout]                                at liballoc/boxed.rs:672
Dec 02 19:44:34.541 INFO [stdout]   19:     0x55cc84fadc4d - std::sys_common::thread::start_thread::h4c28257d67cdf9cb
Dec 02 19:44:34.541 INFO [stdout]                                at liballoc/boxed.rs:682
Dec 02 19:44:34.541 INFO [stdout]                                at libstd/sys_common/thread.rs:24
Dec 02 19:44:34.541 INFO [stdout]   20:     0x55cc84fa1f65 - std::sys::unix::thread::Thread::new::thread_start::hfecb2e7eff8fd34f
Dec 02 19:44:34.541 INFO [stdout]                                at libstd/sys/unix/thread.rs:90
Dec 02 19:44:34.541 INFO [stdout]   21:     0x7fba4d8576b9 - start_thread
Dec 02 19:44:34.541 INFO [stdout]   22:     0x7fba4d37741c - clone
Dec 02 19:44:34.541 INFO [stdout]   23:                0x0 - <unknown>
Dec 02 19:44:34.541 INFO [stdout] 
Dec 02 19:44:34.541 INFO [stdout] 
Dec 02 19:44:34.541 INFO [stdout] failures:
Dec 02 19:44:34.541 INFO [stdout]     tests::complex
Dec 02 19:44:34.541 INFO [stdout]     tests::nullable_gen
Dec 02 19:44:34.541 INFO [stdout]     tests::simple
Dec 02 19:44:34.541 INFO [stdout] 
Dec 02 19:44:34.541 INFO [stdout] test result: FAILED. 5 passed; 3 failed; 0 ignored; 0 measured; 0 filtered out
Dec 02 19:44:34.541 INFO [stdout] 
Dec 02 19:44:34.543 INFO [stderr] su: No module specific data is present
Dec 02 19:44:34.900 INFO running `"docker" "inspect" "09f7adc80aae6ab5fd96476500025dbb4137c8245c9c3ed3016ac4df32ce52a7"`
Dec 02 19:44:35.103 INFO running `"docker" "rm" "-f" "09f7adc80aae6ab5fd96476500025dbb4137c8245c9c3ed3016ac4df32ce52a7"`
Dec 02 19:44:35.471 INFO [stdout] 09f7adc80aae6ab5fd96476500025dbb4137c8245c9c3ed3016ac4df32ce52a7
